{"id":94,"date":"2025-08-12T12:34:13","date_gmt":"2025-08-12T12:34:13","guid":{"rendered":"http:\/\/cieleporteplume.fr\/?page_id=94"},"modified":"2026-04-23T13:24:51","modified_gmt":"2026-04-23T13:24:51","slug":"agenda","status":"publish","type":"page","link":"https:\/\/cieleporteplume.fr\/?page_id=94","title":{"rendered":"Agenda"},"content":{"rendered":"\n<p><strong>Saison 2025\/2026<\/strong><\/p>\n\n\n\n<ul class=\"wp-block-list\">\n<li class=\"has-small-font-size\">Le 6 septembre 2025 : <em>Victor Hugo en libert\u00e9 \/ Raconter l&rsquo;Histoire<\/em> (veill\u00e9e-spectacle en pr\u00e9figuration) \u00e0 Fay en Montagne (39)<\/li>\n\n\n\n<li class=\"has-small-font-size\">Le 16 octobre 2025 : <em>Hugo, Notre L\u00e9gende<\/em> aux Archives d\u00e9partementales de Dijon (21)<\/li>\n\n\n\n<li>Le 30 novembre 2025 : <em>Hugo, Notre L\u00e9gende<\/em> \u00e0 l&rsquo;Ecurie Egl\u00e9 de Maisons-Laffitte (78)<\/li>\n\n\n\n<li>Le 2 avril 2026 : <em>Hugo, Notre L\u00e9gende<\/em> au Coll\u00e8ge de Poligny (39)<\/li>\n\n\n\n<li>Le 11 avril 2026 : <em>Hugo, Notre L\u00e9gende<\/em> chez M Baudrillart \u00e0 Paris (75)<\/li>\n\n\n\n<li>Le 28 avril 2026 : <em>Hugo, Notre L\u00e9gende<\/em> au Coll\u00e8ge de Lure (70)<\/li>\n\n\n\n<li>Le 12 mai 2026 : <em>Hugo, Notre L\u00e9gende<\/em> au Coll\u00e8ge de Saint-Laurent en Grandvaux (39)<\/li>\n\n\n\n<li>Du 28 au 31 mai 2026 : Festival D\u00e9Lire en Revermont<\/li>\n<\/ul>\n\n\n\n<p><strong>Saison 2024\/2025<\/strong><\/p>\n\n\n\n<ul class=\"wp-block-list\">\n<li class=\"has-small-font-size\">Les 20, 21 et 22 septembre&nbsp;2024 : <em>Hugo, Notre L\u00e9gende<\/em> au Festival La Sc\u00e8ne d\u00e9m\u00e9nage (40) 3 repr\u00e9sentations \u00e0 Saint-Lon-les-Mines, \u00e0 Lahosse et \u00e0 Soustons.<\/li>\n\n\n\n<li class=\"has-small-font-size\">Les 16 et 17 d\u00e9cembre 2024 : <em>Quelle histoire !<\/em> &#8211; 3 repr\u00e9sentations dans les \u00e9coles de Fassenans, Saint-Lothain et \u00e0 l&rsquo;Accueil de loisirs de Salins (39)<\/li>\n\n\n\n<li class=\"has-small-font-size\">Le 14 janvier 2025&nbsp;: <em>Hugo, Notre L\u00e9gende<\/em> au Coll\u00e8ge Gustave Eiffel de  Fraisans (39)<\/li>\n\n\n\n<li class=\"has-small-font-size\">Le 11 f\u00e9vrier 2025 : <em>Hugo, Notre L\u00e9gende<\/em> \u00e0 l&rsquo;Ehpad du Centre hospitalier de Saint-Julien (39)<\/li>\n\n\n\n<li class=\"has-small-font-size\">Le 21 f\u00e9vrier 2025 : <em>Hugo, Notre L\u00e9gende<\/em> au Lyc\u00e9e Pr\u00e9 Saint-Sauveur de Saint Claude (39) &#8211; 2 repr\u00e9sentations<\/li>\n\n\n\n<li class=\"has-small-font-size\">Le 27 f\u00e9vrier 2025 :<em>Hugo, Notre L\u00e9gende<\/em> \u00e0 l&rsquo;Ehpad du Centre hospitalier de Champagnole (39)<\/li>\n\n\n\n<li class=\"has-small-font-size\">Le 18 mars 2025 : <em>Hugo, Notre L\u00e9gende<\/em> au Coll\u00e8ge Albert Jacquard de Lure (70)<\/li>\n\n\n\n<li class=\"has-small-font-size\">Le 22 mars 2025 : <em>Hugo, Notre L\u00e9gende<\/em> \u00e0 la Salle associative de Ch\u00e2telneuf (39)<\/li>\n\n\n\n<li class=\"has-small-font-size\">Mai\/juin 2025 : <em>Les Po\u00e8tes et la R\u00e9sistance<\/em> &#8211; 18 repr\u00e9sentations dans le care des Randonn\u00e9es de la m\u00e9moire, au Man\u00e8ge de Brack \u00e0 Dole, avec les enfants de CM2 des \u00e9coles de Dole, Dampierre, Etrepigney, Fraisans, Annoire, Port Lesney; \u00e0 la m\u00e9diath\u00e8que de Champagnole avec les \u00e9coles de Champagnole, Bois d&rsquo;Amont, Cize, Sirod, Dournon, Morez, les Rousses, \u00e0 la maison commune &#8211; MJC de Lons le Saunier avec les \u00e9coles de Lons, Lavant les St Claude, Macornay, Perrigny.<\/li>\n\n\n\n<li class=\"has-small-font-size\">Du 22 au 24 mai 2025 : Festival D\u00e9-LIRE en Revermont &#8211; 9\u00e8me \u00e9dition<\/li>\n\n\n\n<li class=\"has-small-font-size\">Le 27 juin 2025 : <em>Victor Hugo en libert\u00e9 \/ Raconter l&rsquo;Histoire<\/em> &#8211; sortie de r\u00e9sidence \u00e0 Fay en Montagne (39)<\/li>\n\n\n\n<li class=\"has-small-font-size\">Le 5 juillet 2025&nbsp;: Restitution de <em>Ma for\u00eat fantastique<\/em> dans le cadre du CDTC \u00e0 Colonne (39)<\/li>\n<\/ul>\n\n\n\n<p><\/p>\n","protected":false},"excerpt":{"rendered":"<p>Saison 2025\/2026 Saison 2024\/2025<\/p>\n","protected":false},"author":1,"featured_media":0,"parent":0,"menu_order":0,"comment_status":"closed","ping_status":"closed","template":"","meta":{"footnotes":""},"class_list":["post-94","page","type-page","status-publish","hentry"],"_links":{"self":[{"href":"https:\/\/cieleporteplume.fr\/index.php?rest_route=\/wp\/v2\/pages\/94","targetHints":{"allow":["GET"]}}],"collection":[{"href":"https:\/\/cieleporteplume.fr\/index.php?rest_route=\/wp\/v2\/pages"}],"about":[{"href":"https:\/\/cieleporteplume.fr\/index.php?rest_route=\/wp\/v2\/types\/page"}],"author":[{"embeddable":true,"href":"https:\/\/cieleporteplume.fr\/index.php?rest_route=\/wp\/v2\/users\/1"}],"replies":[{"embeddable":true,"href":"https:\/\/cieleporteplume.fr\/index.php?rest_route=%2Fwp%2Fv2%2Fcomments&post=94"}],"version-history":[{"count":12,"href":"https:\/\/cieleporteplume.fr\/index.php?rest_route=\/wp\/v2\/pages\/94\/revisions"}],"predecessor-version":[{"id":252,"href":"https:\/\/cieleporteplume.fr\/index.php?rest_route=\/wp\/v2\/pages\/94\/revisions\/252"}],"wp:attachment":[{"href":"https:\/\/cieleporteplume.fr\/index.php?rest_route=%2Fwp%2Fv2%2Fmedia&parent=94"}],"curies":[{"name":"wp","href":"https:\/\/api.w.org\/{rel}","templated":true}]}}

<p><strong>Saison 2025/2026</strong></p>



<ul class="wp-block-list">
<li class="has-small-font-size">Le 6 septembre 2025 : <em>Victor Hugo en liberté / Raconter l&rsquo;Histoire</em> (veillée-spectacle en préfiguration) à Fay en Montagne (39)</li>



<li class="has-small-font-size">Le 16 octobre 2025 : <em>Hugo, Notre Légende</em> aux Archives départementales de Dijon (21)</li>



<li>Le 30 novembre 2025 : <em>Hugo, Notre Légende</em> à l&rsquo;Ecurie Eglé de Maisons-Laffitte (78)</li>



<li>Le 2 avril 2026 : <em>Hugo, Notre Légende</em> au Collège de Poligny (39)</li>



<li>Le 11 avril 2026 : <em>Hugo, Notre Légende</em> chez M Baudrillart à Paris (75)</li>



<li>Le 28 avril 2026 : <em>Hugo, Notre Légende</em> au Collège de Lure (70)</li>



<li>Le 12 mai 2026 : <em>Hugo, Notre Légende</em> au Collège de Saint-Laurent en Grandvaux (39)</li>



<li>Du 28 au 31 mai 2026 : Festival DéLire en Revermont</li>
</ul>



<p><strong>Saison 2024/2025</strong></p>



<ul class="wp-block-list">
<li class="has-small-font-size">Les 20, 21 et 22 septembre&nbsp;2024 : <em>Hugo, Notre Légende</em> au Festival La Scène déménage (40) 3 représentations à Saint-Lon-les-Mines, à Lahosse et à Soustons.</li>



<li class="has-small-font-size">Les 16 et 17 décembre 2024 : <em>Quelle histoire !</em> &#8211; 3 représentations dans les écoles de Fassenans, Saint-Lothain et à l&rsquo;Accueil de loisirs de Salins (39)</li>



<li class="has-small-font-size">Le 14 janvier 2025&nbsp;: <em>Hugo, Notre Légende</em> au Collège Gustave Eiffel de  Fraisans (39)</li>



<li class="has-small-font-size">Le 11 février 2025 : <em>Hugo, Notre Légende</em> à l&rsquo;Ehpad du Centre hospitalier de Saint-Julien (39)</li>



<li class="has-small-font-size">Le 21 février 2025 : <em>Hugo, Notre Légende</em> au Lycée Pré Saint-Sauveur de Saint Claude (39) &#8211; 2 représentations</li>



<li class="has-small-font-size">Le 27 février 2025 :<em>Hugo, Notre Légende</em> à l&rsquo;Ehpad du Centre hospitalier de Champagnole (39)</li>



<li class="has-small-font-size">Le 18 mars 2025 : <em>Hugo, Notre Légende</em> au Collège Albert Jacquard de Lure (70)</li>



<li class="has-small-font-size">Le 22 mars 2025 : <em>Hugo, Notre Légende</em> à la Salle associative de Châtelneuf (39)</li>



<li class="has-small-font-size">Mai/juin 2025 : <em>Les Poètes et la Résistance</em> &#8211; 18 représentations dans le care des Randonnées de la mémoire, au Manège de Brack à Dole, avec les enfants de CM2 des écoles de Dole, Dampierre, Etrepigney, Fraisans, Annoire, Port Lesney; à la médiathèque de Champagnole avec les écoles de Champagnole, Bois d&rsquo;Amont, Cize, Sirod, Dournon, Morez, les Rousses, à la maison commune &#8211; MJC de Lons le Saunier avec les écoles de Lons, Lavant les St Claude, Macornay, Perrigny.</li>



<li class="has-small-font-size">Du 22 au 24 mai 2025 : Festival Dé-LIRE en Revermont &#8211; 9ème édition</li>



<li class="has-small-font-size">Le 27 juin 2025 : <em>Victor Hugo en liberté / Raconter l&rsquo;Histoire</em> &#8211; sortie de résidence à Fay en Montagne (39)</li>



<li class="has-small-font-size">Le 5 juillet 2025&nbsp;: Restitution de <em>Ma forêt fantastique</em> dans le cadre du CDTC à Colonne (39)</li>
</ul>



<p></p>
