{"id":51,"date":"2025-08-12T08:09:13","date_gmt":"2025-08-12T08:09:13","guid":{"rendered":"http:\/\/cieleporteplume.fr\/?page_id=51"},"modified":"2025-08-12T08:09:13","modified_gmt":"2025-08-12T08:09:13","slug":"quelle-histoire","status":"publish","type":"page","link":"https:\/\/cieleporteplume.fr\/?page_id=51","title":{"rendered":"Quelle histoire !"},"content":{"rendered":"\n<h2 class=\"wp-block-heading\">Pour jeune public \u00e0 partir de 6 ans<\/h2>\n\n\n\n<figure class=\"wp-block-image size-full\"><img loading=\"lazy\" decoding=\"async\" width=\"743\" height=\"479\" src=\"https:\/\/cieleporteplume.fr\/wp-content\/uploads\/2025\/08\/505440607_2786639011525504_2828213611829835607_n.jpg\" alt=\"\" class=\"wp-image-52\" srcset=\"https:\/\/cieleporteplume.fr\/wp-content\/uploads\/2025\/08\/505440607_2786639011525504_2828213611829835607_n.jpg 743w, https:\/\/cieleporteplume.fr\/wp-content\/uploads\/2025\/08\/505440607_2786639011525504_2828213611829835607_n-300x193.jpg 300w\" sizes=\"auto, (max-width: 743px) 100vw, 743px\" \/><\/figure>\n\n\n\n<p class=\"has-medium-font-size\">S&rsquo;aventurer un jour dans les rayons d&rsquo;une biblioth\u00e8que et&#8230;<\/p>\n\n\n\n<p class=\"has-medium-font-size\">S&rsquo;engager dans des chemins insoup\u00e7onn\u00e9s, incontr\u00f4lables, inimagin\u00e9s<\/p>\n\n\n\n<p class=\"has-medium-font-size\">Se retrouver \u00addans la vie d&rsquo;un autre<\/p>\n\n\n\n<p class=\"has-medium-font-size\">Changer d&rsquo;\u00e9poque, d&rsquo;espace,&nbsp; de forme, d&rsquo;\u00e2ge<\/p>\n\n\n\n<p class=\"has-medium-font-size\">Croiser des h\u00e9ros,<\/p>\n\n\n\n<p class=\"has-medium-font-size\">de dr\u00f4les de cr\u00e9atures<\/p>\n\n\n\n<p class=\"has-medium-font-size\">des personnages&nbsp; familiers<\/p>\n\n\n\n<p class=\"has-medium-font-size\">Se retrouver au c\u0153ur de l&rsquo;histoire<\/p>\n\n\n\n<p class=\"has-medium-font-size\">au milieu d&rsquo;une course poursuite<\/p>\n\n\n\n<p class=\"has-medium-font-size\">d&rsquo;une histoire d&rsquo;amour<\/p>\n\n\n\n<p class=\"has-medium-font-size\">en pleine \u00e9nigme<\/p>\n\n\n\n<p class=\"has-medium-font-size\">dans le ventre de la terre, dans les m\u00e9andres de l&rsquo;univers<\/p>\n\n\n\n<p class=\"has-medium-font-size\">dans le pass\u00e9 ou le futur<\/p>\n\n\n\n<p class=\"has-medium-font-size\">en pleine po\u00e9sie<\/p>\n\n\n\n<p class=\"has-medium-font-size\">au c\u0153ur de nos vies<\/p>\n\n\n\n<p class=\"has-medium-font-size\">Oublier, \u00eatre \u00e9mu, avoir peur, d\u00e9couvrir, ressentir, s&rsquo;\u00e9tonner<\/p>\n\n\n\n<p class=\"has-medium-font-size\">Rire et pleurer<\/p>\n\n\n\n<p class=\"has-medium-font-size\"><strong><em>Quelle Histoire&nbsp;!<\/em><\/strong><\/p>\n\n\n\n<p class=\"has-medium-font-size\">Chut&nbsp;!!!<\/p>\n\n\n\n<p class=\"has-medium-font-size\">Surtout ne le dites pas,\u00a0 vous \u00eates juste entr\u00e9s \u00e0 l&rsquo;int\u00e9rieur d&rsquo;un livre\u00a0!<\/p>\n\n\n\n<p class=\"has-small-font-size\">Conception et interpr\u00e9tation : Sylvie Malissard et Laurence Campet <em>Compagnie Le Porte Plume, avec l&rsquo;aide de la DRAC &#8211; Livres Bourgogne Franche-Comt\u00e9<\/em><\/p>\n\n\n\n<p><strong>Calendrier<\/strong><\/p>\n\n\n\n<ul class=\"wp-block-list\">\n<li>le 16 d\u00e9cembre 2024 \u00e9cole de Passenans (39)<\/li>\n\n\n\n<li>le 17 d\u00e9cembre 2024 accueil de loisirs de Salins (39)<\/li>\n\n\n\n<li>le 17 d\u00e9cembre 2024 \u00e9cole de Saint-Lothain (39)<\/li>\n<\/ul>\n","protected":false},"excerpt":{"rendered":"<p>Pour jeune public \u00e0 partir de 6 ans S&rsquo;aventurer un jour dans les rayons d&rsquo;une biblioth\u00e8que et&#8230; S&rsquo;engager dans des chemins insoup\u00e7onn\u00e9s, incontr\u00f4lables, inimagin\u00e9s Se retrouver \u00addans la vie d&rsquo;un autre Changer d&rsquo;\u00e9poque, d&rsquo;espace,&nbsp; de forme, d&rsquo;\u00e2ge Croiser des h\u00e9ros, de dr\u00f4les de cr\u00e9atures des personnages&nbsp; familiers Se retrouver au c\u0153ur de l&rsquo;histoire au milieu [&hellip;]<\/p>\n","protected":false},"author":1,"featured_media":0,"parent":0,"menu_order":0,"comment_status":"closed","ping_status":"closed","template":"","meta":{"footnotes":""},"class_list":["post-51","page","type-page","status-publish","hentry"],"_links":{"self":[{"href":"https:\/\/cieleporteplume.fr\/index.php?rest_route=\/wp\/v2\/pages\/51","targetHints":{"allow":["GET"]}}],"collection":[{"href":"https:\/\/cieleporteplume.fr\/index.php?rest_route=\/wp\/v2\/pages"}],"about":[{"href":"https:\/\/cieleporteplume.fr\/index.php?rest_route=\/wp\/v2\/types\/page"}],"author":[{"embeddable":true,"href":"https:\/\/cieleporteplume.fr\/index.php?rest_route=\/wp\/v2\/users\/1"}],"replies":[{"embeddable":true,"href":"https:\/\/cieleporteplume.fr\/index.php?rest_route=%2Fwp%2Fv2%2Fcomments&post=51"}],"version-history":[{"count":2,"href":"https:\/\/cieleporteplume.fr\/index.php?rest_route=\/wp\/v2\/pages\/51\/revisions"}],"predecessor-version":[{"id":54,"href":"https:\/\/cieleporteplume.fr\/index.php?rest_route=\/wp\/v2\/pages\/51\/revisions\/54"}],"wp:attachment":[{"href":"https:\/\/cieleporteplume.fr\/index.php?rest_route=%2Fwp%2Fv2%2Fmedia&parent=51"}],"curies":[{"name":"wp","href":"https:\/\/api.w.org\/{rel}","templated":true}]}}

<h2 class="wp-block-heading">Pour jeune public à partir de 6 ans</h2>



<figure class="wp-block-image size-full"><img loading="lazy" decoding="async" width="743" height="479" src="https://cieleporteplume.fr/wp-content/uploads/2025/08/505440607_2786639011525504_2828213611829835607_n.jpg" alt="" class="wp-image-52" srcset="https://cieleporteplume.fr/wp-content/uploads/2025/08/505440607_2786639011525504_2828213611829835607_n.jpg 743w, https://cieleporteplume.fr/wp-content/uploads/2025/08/505440607_2786639011525504_2828213611829835607_n-300x193.jpg 300w" sizes="auto, (max-width: 743px) 100vw, 743px" /></figure>



<p class="has-medium-font-size">S&rsquo;aventurer un jour dans les rayons d&rsquo;une bibliothèque et&#8230;</p>



<p class="has-medium-font-size">S&rsquo;engager dans des chemins insoupçonnés, incontrôlables, inimaginés</p>



<p class="has-medium-font-size">Se retrouver ­dans la vie d&rsquo;un autre</p>



<p class="has-medium-font-size">Changer d&rsquo;époque, d&rsquo;espace,&nbsp; de forme, d&rsquo;âge</p>



<p class="has-medium-font-size">Croiser des héros,</p>



<p class="has-medium-font-size">de drôles de créatures</p>



<p class="has-medium-font-size">des personnages&nbsp; familiers</p>



<p class="has-medium-font-size">Se retrouver au cœur de l&rsquo;histoire</p>



<p class="has-medium-font-size">au milieu d&rsquo;une course poursuite</p>



<p class="has-medium-font-size">d&rsquo;une histoire d&rsquo;amour</p>



<p class="has-medium-font-size">en pleine énigme</p>



<p class="has-medium-font-size">dans le ventre de la terre, dans les méandres de l&rsquo;univers</p>



<p class="has-medium-font-size">dans le passé ou le futur</p>



<p class="has-medium-font-size">en pleine poésie</p>



<p class="has-medium-font-size">au cœur de nos vies</p>



<p class="has-medium-font-size">Oublier, être ému, avoir peur, découvrir, ressentir, s&rsquo;étonner</p>



<p class="has-medium-font-size">Rire et pleurer</p>



<p class="has-medium-font-size"><strong><em>Quelle Histoire&nbsp;!</em></strong></p>



<p class="has-medium-font-size">Chut&nbsp;!!!</p>



<p class="has-medium-font-size">Surtout ne le dites pas,  vous êtes juste entrés à l&rsquo;intérieur d&rsquo;un livre !</p>



<p class="has-small-font-size">Conception et interprétation : Sylvie Malissard et Laurence Campet <em>Compagnie Le Porte Plume, avec l&rsquo;aide de la DRAC &#8211; Livres Bourgogne Franche-Comté</em></p>



<p><strong>Calendrier</strong></p>



<ul class="wp-block-list">
<li>le 16 décembre 2024 école de Passenans (39)</li>



<li>le 17 décembre 2024 accueil de loisirs de Salins (39)</li>



<li>le 17 décembre 2024 école de Saint-Lothain (39)</li>
</ul>

<p>Pour jeune public à partir de 6 ans S&rsquo;aventurer un jour dans les rayons d&rsquo;une bibliothèque et&#8230; S&rsquo;engager dans des chemins insoupçonnés, incontrôlables, inimaginés Se retrouver ­dans la vie d&rsquo;un autre Changer d&rsquo;époque, d&rsquo;espace,&nbsp; de forme, d&rsquo;âge Croiser des héros, de drôles de créatures des personnages&nbsp; familiers Se retrouver au cœur de l&rsquo;histoire au milieu [&hellip;]</p>
