{"id":41,"date":"2025-08-11T09:06:58","date_gmt":"2025-08-11T09:06:58","guid":{"rendered":"http:\/\/cieleporteplume.fr\/?page_id=41"},"modified":"2025-08-12T15:34:00","modified_gmt":"2025-08-12T15:34:00","slug":"la-compagnie","status":"publish","type":"page","link":"https:\/\/cieleporteplume.fr\/?page_id=41","title":{"rendered":"La Compagnie"},"content":{"rendered":"\n<p>Depuis sa cr\u00e9ation en 2000, la compagnie Le Porte Plume porte son travail sur les textes et sur la parole. Elle cherche \u00e0 relier le pass\u00e9 au pr\u00e9sent, parler d&rsquo;hier et d&rsquo;aujourd&rsquo;hui, transmettre une parole, une m\u00e9moire, une urgence \u00e0 dire. Entre oralit\u00e9 et \u00e9criture, entre parole et transmission, elle propose un travail collectif, sur le territoire, souvent en milieu rural, en associant diff\u00e9rents partenaires et diff\u00e9rents publics. Construire ensemble, aller \u00e0 la rencontre.<\/p>\n\n\n\n<p>La compagnie Le Porte Plume propose des spectacles l\u00e9gers, adaptables.<\/p>\n\n\n\n<p>Elle propose aussi des formes courtes, modulables ainsi que des lectures et des ateliers de pratique artistique.<\/p>\n\n\n\n<p><strong>Equipe artistique et technique\u00a0:<\/strong> Blandine Baudrillart, Marie-No\u00eble Bordeaux, Laurence Campet, Sandra Coullenot, Edith Darbon, Antoine Doignon, Bastien Grossen, Cathy Halle, Fran\u00e7oise Huguet, Sylvie Malissard, Bernard Montrichard, Julien Mouroux, Marie-H\u00e9l\u00e8ne Peyresaubes, Fran\u00e7ois Royet<\/p>\n\n\n\n<p><em>La compagnie est soutenue par la DRAC Livres Bourgogne Franche-Comt\u00e9, le d\u00e9partement du Jura, le CTL, la communaut\u00e9 de communes Coeur du Jura, l&rsquo;ARS, les m\u00e9diath\u00e8ques C\u0153ur du Jura. Elle a eu l&rsquo;aide du minist\u00e8re de la culture et la r\u00e9gion <em>Bourgogne Franche-Comt\u00e9<\/em> pour le projet <\/em>De l&rsquo;Image \u00e0 la Parole<em>. Les Sc\u00e8nes du Jura, sc\u00e8ne nationale, ont soutenu la r\u00e9sidence <\/em>Victor Hugo en libert\u00e9 \/ Raconter l&rsquo;Histoire<em> \u00e0 Fay en Montagne.<\/em><\/p>\n\n\n\n<figure class=\"wp-block-pullquote has-medium-font-size\"><blockquote><p>Contact artistique Sylvie Malissard <br>06 80 90 85 95<\/p><\/blockquote><\/figure>\n\n\n\n<p><\/p>\n","protected":false},"excerpt":{"rendered":"<p>Depuis sa cr\u00e9ation en 2000, la compagnie Le Porte Plume porte son travail sur les textes et sur la parole. Elle cherche \u00e0 relier le pass\u00e9 au pr\u00e9sent, parler d&rsquo;hier et d&rsquo;aujourd&rsquo;hui, transmettre une parole, une m\u00e9moire, une urgence \u00e0 dire. Entre oralit\u00e9 et \u00e9criture, entre parole et transmission, elle propose un travail collectif, sur [&hellip;]<\/p>\n","protected":false},"author":1,"featured_media":0,"parent":0,"menu_order":0,"comment_status":"closed","ping_status":"closed","template":"","meta":{"footnotes":""},"class_list":["post-41","page","type-page","status-publish","hentry"],"_links":{"self":[{"href":"https:\/\/cieleporteplume.fr\/index.php?rest_route=\/wp\/v2\/pages\/41","targetHints":{"allow":["GET"]}}],"collection":[{"href":"https:\/\/cieleporteplume.fr\/index.php?rest_route=\/wp\/v2\/pages"}],"about":[{"href":"https:\/\/cieleporteplume.fr\/index.php?rest_route=\/wp\/v2\/types\/page"}],"author":[{"embeddable":true,"href":"https:\/\/cieleporteplume.fr\/index.php?rest_route=\/wp\/v2\/users\/1"}],"replies":[{"embeddable":true,"href":"https:\/\/cieleporteplume.fr\/index.php?rest_route=%2Fwp%2Fv2%2Fcomments&post=41"}],"version-history":[{"count":3,"href":"https:\/\/cieleporteplume.fr\/index.php?rest_route=\/wp\/v2\/pages\/41\/revisions"}],"predecessor-version":[{"id":111,"href":"https:\/\/cieleporteplume.fr\/index.php?rest_route=\/wp\/v2\/pages\/41\/revisions\/111"}],"wp:attachment":[{"href":"https:\/\/cieleporteplume.fr\/index.php?rest_route=%2Fwp%2Fv2%2Fmedia&parent=41"}],"curies":[{"name":"wp","href":"https:\/\/api.w.org\/{rel}","templated":true}]}}

<p>Depuis sa création en 2000, la compagnie Le Porte Plume porte son travail sur les textes et sur la parole. Elle cherche à relier le passé au présent, parler d&rsquo;hier et d&rsquo;aujourd&rsquo;hui, transmettre une parole, une mémoire, une urgence à dire. Entre oralité et écriture, entre parole et transmission, elle propose un travail collectif, sur le territoire, souvent en milieu rural, en associant différents partenaires et différents publics. Construire ensemble, aller à la rencontre.</p>



<p>La compagnie Le Porte Plume propose des spectacles légers, adaptables.</p>



<p>Elle propose aussi des formes courtes, modulables ainsi que des lectures et des ateliers de pratique artistique.</p>



<p><strong>Equipe artistique et technique :</strong> Blandine Baudrillart, Marie-Noële Bordeaux, Laurence Campet, Sandra Coullenot, Edith Darbon, Antoine Doignon, Bastien Grossen, Cathy Halle, Françoise Huguet, Sylvie Malissard, Bernard Montrichard, Julien Mouroux, Marie-Hélène Peyresaubes, François Royet</p>



<p><em>La compagnie est soutenue par la DRAC Livres Bourgogne Franche-Comté, le département du Jura, le CTL, la communauté de communes Coeur du Jura, l&rsquo;ARS, les médiathèques Cœur du Jura. Elle a eu l&rsquo;aide du ministère de la culture et la région <em>Bourgogne Franche-Comté</em> pour le projet </em>De l&rsquo;Image à la Parole<em>. Les Scènes du Jura, scène nationale, ont soutenu la résidence </em>Victor Hugo en liberté / Raconter l&rsquo;Histoire<em> à Fay en Montagne.</em></p>



<figure class="wp-block-pullquote has-medium-font-size"><blockquote><p>Contact artistique Sylvie Malissard <br>06 80 90 85 95</p></blockquote></figure>



<p></p>

<p>Depuis sa création en 2000, la compagnie Le Porte Plume porte son travail sur les textes et sur la parole. Elle cherche à relier le passé au présent, parler d&rsquo;hier et d&rsquo;aujourd&rsquo;hui, transmettre une parole, une mémoire, une urgence à dire. Entre oralité et écriture, entre parole et transmission, elle propose un travail collectif, sur [&hellip;]</p>
