{"id":2,"date":"2025-08-10T13:27:36","date_gmt":"2025-08-10T13:27:36","guid":{"rendered":"http:\/\/cieleporteplume.fr\/?page_id=2"},"modified":"2025-08-29T16:27:02","modified_gmt":"2025-08-29T16:27:02","slug":"sample-page","status":"publish","type":"page","link":"https:\/\/cieleporteplume.fr\/?page_id=2","title":{"rendered":"Spectacles"},"content":{"rendered":"\n<p>La compagnie propose un travail ax\u00e9 sur les mots, que ce soit du texte \u00e9crit (th\u00e9\u00e2tre, po\u00e9sie, roman&#8230;) ou du recueil de t\u00e9moignages. Ses principales cr\u00e9ations ont \u00e9t\u00e9 :<\/p>\n\n\n\n<ul class=\"wp-block-list\">\n<li><strong><em>Mesure de nos jours<\/em><\/strong> de Charlotte Delbo<\/li>\n\n\n\n<li><strong><em>Matin Brun<\/em><\/strong> de Franck Pavloff<\/li>\n\n\n\n<li><strong><em>M\u00e9moire II<\/em><\/strong><br>Montage de textes de Franck Pavloff, Jean Pierre Sim\u00e9on, Ahmed Madani, Jean-Marie Barnaud, Charlotte Delbo, Charlotte Goldberg<\/li>\n\n\n\n<li><em><strong>Cannibale<\/strong> <\/em>de Didier Daeninckx<\/li>\n\n\n\n<li><strong><em>L&rsquo;Iliade<\/em><\/strong> et <strong><em>l&rsquo;Odyss\u00e9e<\/em><\/strong> d&rsquo;Hom\u00e8re<br>Lecture \/ spectacle version longue (6h)<br><strong><em>L&rsquo;Iliade et les femmes<\/em><\/strong> d&rsquo;apr\u00e8s Hom\u00e8re<br>Version courte<\/li>\n\n\n\n<li><strong><em>Paroles de femmes<\/em><\/strong>, montage de t\u00e9moignages<\/li>\n\n\n\n<li><strong><em>Au Bonheur des dames<\/em><\/strong><br>Petit historique du droit des femmes<\/li>\n\n\n\n<li><strong><em>J\u2019ai chant\u00e9 avant de venir<\/em><\/strong><br>25 femmes du Doubs t\u00e9moignent de leur vie<\/li>\n\n\n\n<li><strong><em>Ces filles \u2013l\u00e0<\/em><\/strong><br>Auteures des deux rives de la M\u00e9diterran\u00e9e<\/li>\n\n\n\n<li><em><strong>Le Ramadan de la Parole<\/strong><\/em> de Jeanne Benameur<br>Lecture<\/li>\n\n\n\n<li><strong><em>Yes peut-\u00eatre<\/em><\/strong> de Marguerite Duras<\/li>\n\n\n\n<li><strong><em>Ma Famille<\/em><\/strong> de Carlos Liscano<\/li>\n\n\n\n<li><strong><em>Les Po\u00e8tes et la R\u00e9sistance<\/em><\/strong>, montage de textes<\/li>\n\n\n\n<li><strong><em>M\u00e9moire des cit\u00e9s<\/em><\/strong>, montage de t\u00e9moignages<\/li>\n<\/ul>\n","protected":false},"excerpt":{"rendered":"<p>La compagnie propose un travail ax\u00e9 sur les mots, que ce soit du texte \u00e9crit (th\u00e9\u00e2tre, po\u00e9sie, roman&#8230;) ou du recueil de t\u00e9moignages. Ses principales cr\u00e9ations ont \u00e9t\u00e9 :<\/p>\n","protected":false},"author":1,"featured_media":0,"parent":0,"menu_order":0,"comment_status":"closed","ping_status":"open","template":"","meta":{"footnotes":""},"class_list":["post-2","page","type-page","status-publish","hentry"],"_links":{"self":[{"href":"https:\/\/cieleporteplume.fr\/index.php?rest_route=\/wp\/v2\/pages\/2","targetHints":{"allow":["GET"]}}],"collection":[{"href":"https:\/\/cieleporteplume.fr\/index.php?rest_route=\/wp\/v2\/pages"}],"about":[{"href":"https:\/\/cieleporteplume.fr\/index.php?rest_route=\/wp\/v2\/types\/page"}],"author":[{"embeddable":true,"href":"https:\/\/cieleporteplume.fr\/index.php?rest_route=\/wp\/v2\/users\/1"}],"replies":[{"embeddable":true,"href":"https:\/\/cieleporteplume.fr\/index.php?rest_route=%2Fwp%2Fv2%2Fcomments&post=2"}],"version-history":[{"count":3,"href":"https:\/\/cieleporteplume.fr\/index.php?rest_route=\/wp\/v2\/pages\/2\/revisions"}],"predecessor-version":[{"id":205,"href":"https:\/\/cieleporteplume.fr\/index.php?rest_route=\/wp\/v2\/pages\/2\/revisions\/205"}],"wp:attachment":[{"href":"https:\/\/cieleporteplume.fr\/index.php?rest_route=%2Fwp%2Fv2%2Fmedia&parent=2"}],"curies":[{"name":"wp","href":"https:\/\/api.w.org\/{rel}","templated":true}]}}

<p>La compagnie propose un travail axé sur les mots, que ce soit du texte écrit (théâtre, poésie, roman&#8230;) ou du recueil de témoignages. Ses principales créations ont été :</p>



<ul class="wp-block-list">
<li><strong><em>Mesure de nos jours</em></strong> de Charlotte Delbo</li>



<li><strong><em>Matin Brun</em></strong> de Franck Pavloff</li>



<li><strong><em>Mémoire II</em></strong><br>Montage de textes de Franck Pavloff, Jean Pierre Siméon, Ahmed Madani, Jean-Marie Barnaud, Charlotte Delbo, Charlotte Goldberg</li>



<li><em><strong>Cannibale</strong> </em>de Didier Daeninckx</li>



<li><strong><em>L&rsquo;Iliade</em></strong> et <strong><em>l&rsquo;Odyssée</em></strong> d&rsquo;Homère<br>Lecture / spectacle version longue (6h)<br><strong><em>L&rsquo;Iliade et les femmes</em></strong> d&rsquo;après Homère<br>Version courte</li>



<li><strong><em>Paroles de femmes</em></strong>, montage de témoignages</li>



<li><strong><em>Au Bonheur des dames</em></strong><br>Petit historique du droit des femmes</li>



<li><strong><em>J’ai chanté avant de venir</em></strong><br>25 femmes du Doubs témoignent de leur vie</li>



<li><strong><em>Ces filles –là</em></strong><br>Auteures des deux rives de la Méditerranée</li>



<li><em><strong>Le Ramadan de la Parole</strong></em> de Jeanne Benameur<br>Lecture</li>



<li><strong><em>Yes peut-être</em></strong> de Marguerite Duras</li>



<li><strong><em>Ma Famille</em></strong> de Carlos Liscano</li>



<li><strong><em>Les Poètes et la Résistance</em></strong>, montage de textes</li>



<li><strong><em>Mémoire des cités</em></strong>, montage de témoignages</li>
</ul>

<p>La compagnie propose un travail axé sur les mots, que ce soit du texte écrit (théâtre, poésie, roman&#8230;) ou du recueil de témoignages. Ses principales créations ont été :</p>
