{"id":18,"date":"2025-08-11T07:46:02","date_gmt":"2025-08-11T07:46:02","guid":{"rendered":"http:\/\/cieleporteplume.fr\/?page_id=18"},"modified":"2025-11-06T15:43:10","modified_gmt":"2025-11-06T15:43:10","slug":"victor-hugo-en-liberte-raconter-lhistoire","status":"publish","type":"page","link":"https:\/\/cieleporteplume.fr\/?page_id=18","title":{"rendered":"Victor Hugo en libert\u00e9 \/ Raconter l&rsquo;Histoire"},"content":{"rendered":"\n<h2 class=\"wp-block-heading\">Veill\u00e9e-spectacle pour sept acteurs<\/h2>\n\n\n\n<h3 class=\"wp-block-heading has-medium-font-size\">\u00e0 destination des villages et des lieux patrimoniaux<\/h3>\n\n\n\n<figure class=\"wp-block-gallery has-nested-images columns-default is-cropped wp-block-gallery-1 is-layout-flex wp-block-gallery-is-layout-flex\">\n<figure class=\"wp-block-image size-large\"><img loading=\"lazy\" decoding=\"async\" width=\"1000\" height=\"1000\" data-id=\"19\" src=\"https:\/\/cieleporteplume.fr\/wp-content\/uploads\/2025\/08\/Recovered_nef_file7.jpg\" alt=\"\" class=\"wp-image-19\" srcset=\"https:\/\/cieleporteplume.fr\/wp-content\/uploads\/2025\/08\/Recovered_nef_file7.jpg 1000w, https:\/\/cieleporteplume.fr\/wp-content\/uploads\/2025\/08\/Recovered_nef_file7-300x300.jpg 300w, https:\/\/cieleporteplume.fr\/wp-content\/uploads\/2025\/08\/Recovered_nef_file7-150x150.jpg 150w, https:\/\/cieleporteplume.fr\/wp-content\/uploads\/2025\/08\/Recovered_nef_file7-768x768.jpg 768w\" sizes=\"auto, (max-width: 1000px) 100vw, 1000px\" \/><figcaption class=\"wp-element-caption\">\u00a9 Patrice Bonnet<\/figcaption><\/figure>\n\n\n\n<figure class=\"wp-block-image size-large\"><img loading=\"lazy\" decoding=\"async\" width=\"665\" height=\"999\" data-id=\"20\" src=\"https:\/\/cieleporteplume.fr\/wp-content\/uploads\/2025\/08\/Recovered_nef_file12.jpg\" alt=\"\" class=\"wp-image-20\" srcset=\"https:\/\/cieleporteplume.fr\/wp-content\/uploads\/2025\/08\/Recovered_nef_file12.jpg 665w, https:\/\/cieleporteplume.fr\/wp-content\/uploads\/2025\/08\/Recovered_nef_file12-200x300.jpg 200w\" sizes=\"auto, (max-width: 665px) 100vw, 665px\" \/><\/figure>\n\n\n\n<figure class=\"wp-block-image size-large\"><img loading=\"lazy\" decoding=\"async\" width=\"1000\" height=\"1000\" data-id=\"21\" src=\"https:\/\/cieleporteplume.fr\/wp-content\/uploads\/2025\/08\/Recovered_nef_file36.jpg\" alt=\"\" class=\"wp-image-21\" srcset=\"https:\/\/cieleporteplume.fr\/wp-content\/uploads\/2025\/08\/Recovered_nef_file36.jpg 1000w, https:\/\/cieleporteplume.fr\/wp-content\/uploads\/2025\/08\/Recovered_nef_file36-300x300.jpg 300w, https:\/\/cieleporteplume.fr\/wp-content\/uploads\/2025\/08\/Recovered_nef_file36-150x150.jpg 150w, https:\/\/cieleporteplume.fr\/wp-content\/uploads\/2025\/08\/Recovered_nef_file36-768x768.jpg 768w\" sizes=\"auto, (max-width: 1000px) 100vw, 1000px\" \/><\/figure>\n\n\n\n<figure class=\"wp-block-image size-large\"><img loading=\"lazy\" decoding=\"async\" width=\"1000\" height=\"1000\" data-id=\"22\" src=\"https:\/\/cieleporteplume.fr\/wp-content\/uploads\/2025\/08\/Recovered_nef_file24bis.jpg\" alt=\"\" class=\"wp-image-22\" srcset=\"https:\/\/cieleporteplume.fr\/wp-content\/uploads\/2025\/08\/Recovered_nef_file24bis.jpg 1000w, https:\/\/cieleporteplume.fr\/wp-content\/uploads\/2025\/08\/Recovered_nef_file24bis-300x300.jpg 300w, https:\/\/cieleporteplume.fr\/wp-content\/uploads\/2025\/08\/Recovered_nef_file24bis-150x150.jpg 150w, https:\/\/cieleporteplume.fr\/wp-content\/uploads\/2025\/08\/Recovered_nef_file24bis-768x768.jpg 768w\" sizes=\"auto, (max-width: 1000px) 100vw, 1000px\" \/><\/figure>\n\n\n\n<figure class=\"wp-block-image size-large\"><img loading=\"lazy\" decoding=\"async\" width=\"1000\" height=\"666\" data-id=\"23\" src=\"https:\/\/cieleporteplume.fr\/wp-content\/uploads\/2025\/08\/Recovered_nef_file82.jpg\" alt=\"\" class=\"wp-image-23\" srcset=\"https:\/\/cieleporteplume.fr\/wp-content\/uploads\/2025\/08\/Recovered_nef_file82.jpg 1000w, https:\/\/cieleporteplume.fr\/wp-content\/uploads\/2025\/08\/Recovered_nef_file82-300x200.jpg 300w, https:\/\/cieleporteplume.fr\/wp-content\/uploads\/2025\/08\/Recovered_nef_file82-768x511.jpg 768w\" sizes=\"auto, (max-width: 1000px) 100vw, 1000px\" \/><\/figure>\n\n\n\n<figure class=\"wp-block-image size-large\"><img loading=\"lazy\" decoding=\"async\" width=\"1000\" height=\"666\" data-id=\"24\" src=\"https:\/\/cieleporteplume.fr\/wp-content\/uploads\/2025\/08\/Recovered_nef_file99_01.jpg\" alt=\"\" class=\"wp-image-24\" srcset=\"https:\/\/cieleporteplume.fr\/wp-content\/uploads\/2025\/08\/Recovered_nef_file99_01.jpg 1000w, https:\/\/cieleporteplume.fr\/wp-content\/uploads\/2025\/08\/Recovered_nef_file99_01-300x200.jpg 300w, https:\/\/cieleporteplume.fr\/wp-content\/uploads\/2025\/08\/Recovered_nef_file99_01-768x511.jpg 768w\" sizes=\"auto, (max-width: 1000px) 100vw, 1000px\" \/><\/figure>\n<\/figure>\n\n\n\n<p class=\"has-medium-font-size\">Une veill\u00e9e-spectacle, familiale et participative, d&rsquo;apr\u00e8s <em>La L\u00e9gende des Si\u00e8cles<\/em> et autres textes de Victor Hugo textes de Victor Hugo, de petites histoires qui nous racontent l\u2019Histoire du monde.<br>Selon les espaces et les saisons, cet \u00e9v\u00e9nement peut se d\u00e9rouler en apr\u00e8s-midi et en ext\u00e9rieur ou en soir\u00e9e et en salle.<\/p>\n\n\n\n<p class=\"has-medium-font-size\"><br>Mise en sc\u00e8ne Laurence Campet<br>Avec Blandine Baudrillart, Marie-No\u00eble Bordeaux, Laurence Campet, Antoine Doignon, Fran\u00e7oise Huguet, Sylvie Malissard, Marie-H\u00e9l\u00e8ne Peyresaubes<\/p>\n\n\n\n<p class=\"has-medium-font-size\"><br><em>Une co-production compagnie Le Porte-Plume \/ Compagnie RL<\/em><br><em>avec l\u2019aide de la DRAC-Livre Bourgogne Franche-Comt<\/em>\u00e9,<em> de la R\u00e9gion Bourgogne Franche-Comt\u00e9<\/em> <em>et du<\/em> <em>D\u00e9partement du Jura<\/em>,<\/p>\n\n\n\n<p class=\"has-medium-font-size\"><br><em>avec le soutien des Sc\u00e8nes du Jura &#8211; Sc\u00e8ne nationale (pour la<\/em> <em>r\u00e9sidence) et de l\u2019association Fay d\u2019Air &#8211; commune de Fay en<\/em> <em>Montagne (39)<\/em>,<br><em>avec le soutien de l\u2019Association La Cl\u00e9 du Quai \u2013 Cie B\u00e9la&amp;C\u00f4me<\/em> <em>et de la commune de Sore (40)<\/em><\/p>\n\n\n<div style=\"padding:56.25% 0 0 0;position:relative;\"><iframe src=\"https:\/\/player.vimeo.com\/video\/1099233847?badge=0&amp;autopause=0&amp;player_id=0&amp;app_id=58479\" frameborder=\"0\" allow=\"autoplay; fullscreen; picture-in-picture; clipboard-write; encrypted-media; web-share\" referrerpolicy=\"strict-origin-when-cross-origin\" style=\"position:absolute;top:0;left:0;width:100%;height:100%;\" title=\"Hugo en libert\u00e9 !\"><\/iframe><\/div>\n<p><script src=\"https:\/\/player.vimeo.com\/api\/player.js\"><\/script><\/p>\n\n\n<p><strong>Calendrier :<\/strong><\/p>\n\n\n\n<ul class=\"wp-block-list\">\n<li>Samedi 6 septembre 2025 \u00e0 16h \u00e0 Ch\u00e2telneuf(39) : pr\u00e9figuration de la veill\u00e9e-spectacle<\/li>\n\n\n\n<li>Vendredi 27 juin \u00e0 Fay en Montagne (39) : pr\u00e9sentation de sortie de r\u00e9sidence<\/li>\n<\/ul>\n\n\n\n<p><\/p>\n","protected":false},"excerpt":{"rendered":"<p>Veill\u00e9e-spectacle pour sept acteurs \u00e0 destination des villages et des lieux patrimoniaux Une veill\u00e9e-spectacle, familiale et participative, d&rsquo;apr\u00e8s La L\u00e9gende des Si\u00e8cles et autres textes de Victor Hugo textes de Victor Hugo, de petites histoires qui nous racontent l\u2019Histoire du monde.Selon les espaces et les saisons, cet \u00e9v\u00e9nement peut se d\u00e9rouler en apr\u00e8s-midi et en [&hellip;]<\/p>\n","protected":false},"author":1,"featured_media":0,"parent":0,"menu_order":0,"comment_status":"closed","ping_status":"closed","template":"","meta":{"footnotes":""},"class_list":["post-18","page","type-page","status-publish","hentry"],"_links":{"self":[{"href":"https:\/\/cieleporteplume.fr\/index.php?rest_route=\/wp\/v2\/pages\/18","targetHints":{"allow":["GET"]}}],"collection":[{"href":"https:\/\/cieleporteplume.fr\/index.php?rest_route=\/wp\/v2\/pages"}],"about":[{"href":"https:\/\/cieleporteplume.fr\/index.php?rest_route=\/wp\/v2\/types\/page"}],"author":[{"embeddable":true,"href":"https:\/\/cieleporteplume.fr\/index.php?rest_route=\/wp\/v2\/users\/1"}],"replies":[{"embeddable":true,"href":"https:\/\/cieleporteplume.fr\/index.php?rest_route=%2Fwp%2Fv2%2Fcomments&post=18"}],"version-history":[{"count":10,"href":"https:\/\/cieleporteplume.fr\/index.php?rest_route=\/wp\/v2\/pages\/18\/revisions"}],"predecessor-version":[{"id":224,"href":"https:\/\/cieleporteplume.fr\/index.php?rest_route=\/wp\/v2\/pages\/18\/revisions\/224"}],"wp:attachment":[{"href":"https:\/\/cieleporteplume.fr\/index.php?rest_route=%2Fwp%2Fv2%2Fmedia&parent=18"}],"curies":[{"name":"wp","href":"https:\/\/api.w.org\/{rel}","templated":true}]}}

Victor Hugo en liberté / Raconter l&rsquo;Histoire

<h2 class="wp-block-heading">Veillée-spectacle pour sept acteurs</h2>



<h3 class="wp-block-heading has-medium-font-size">à destination des villages et des lieux patrimoniaux</h3>



<figure class="wp-block-gallery has-nested-images columns-default is-cropped wp-block-gallery-1 is-layout-flex wp-block-gallery-is-layout-flex">
<figure class="wp-block-image size-large"><img loading="lazy" decoding="async" width="1000" height="1000" data-id="19" src="https://cieleporteplume.fr/wp-content/uploads/2025/08/Recovered_nef_file7.jpg" alt="" class="wp-image-19" srcset="https://cieleporteplume.fr/wp-content/uploads/2025/08/Recovered_nef_file7.jpg 1000w, https://cieleporteplume.fr/wp-content/uploads/2025/08/Recovered_nef_file7-300x300.jpg 300w, https://cieleporteplume.fr/wp-content/uploads/2025/08/Recovered_nef_file7-150x150.jpg 150w, https://cieleporteplume.fr/wp-content/uploads/2025/08/Recovered_nef_file7-768x768.jpg 768w" sizes="auto, (max-width: 1000px) 100vw, 1000px" /><figcaption class="wp-element-caption">© Patrice Bonnet</figcaption></figure>



<figure class="wp-block-image size-large"><img loading="lazy" decoding="async" width="665" height="999" data-id="20" src="https://cieleporteplume.fr/wp-content/uploads/2025/08/Recovered_nef_file12.jpg" alt="" class="wp-image-20" srcset="https://cieleporteplume.fr/wp-content/uploads/2025/08/Recovered_nef_file12.jpg 665w, https://cieleporteplume.fr/wp-content/uploads/2025/08/Recovered_nef_file12-200x300.jpg 200w" sizes="auto, (max-width: 665px) 100vw, 665px" /></figure>



<figure class="wp-block-image size-large"><img loading="lazy" decoding="async" width="1000" height="1000" data-id="21" src="https://cieleporteplume.fr/wp-content/uploads/2025/08/Recovered_nef_file36.jpg" alt="" class="wp-image-21" srcset="https://cieleporteplume.fr/wp-content/uploads/2025/08/Recovered_nef_file36.jpg 1000w, https://cieleporteplume.fr/wp-content/uploads/2025/08/Recovered_nef_file36-300x300.jpg 300w, https://cieleporteplume.fr/wp-content/uploads/2025/08/Recovered_nef_file36-150x150.jpg 150w, https://cieleporteplume.fr/wp-content/uploads/2025/08/Recovered_nef_file36-768x768.jpg 768w" sizes="auto, (max-width: 1000px) 100vw, 1000px" /></figure>



<figure class="wp-block-image size-large"><img loading="lazy" decoding="async" width="1000" height="1000" data-id="22" src="https://cieleporteplume.fr/wp-content/uploads/2025/08/Recovered_nef_file24bis.jpg" alt="" class="wp-image-22" srcset="https://cieleporteplume.fr/wp-content/uploads/2025/08/Recovered_nef_file24bis.jpg 1000w, https://cieleporteplume.fr/wp-content/uploads/2025/08/Recovered_nef_file24bis-300x300.jpg 300w, https://cieleporteplume.fr/wp-content/uploads/2025/08/Recovered_nef_file24bis-150x150.jpg 150w, https://cieleporteplume.fr/wp-content/uploads/2025/08/Recovered_nef_file24bis-768x768.jpg 768w" sizes="auto, (max-width: 1000px) 100vw, 1000px" /></figure>



<figure class="wp-block-image size-large"><img loading="lazy" decoding="async" width="1000" height="666" data-id="23" src="https://cieleporteplume.fr/wp-content/uploads/2025/08/Recovered_nef_file82.jpg" alt="" class="wp-image-23" srcset="https://cieleporteplume.fr/wp-content/uploads/2025/08/Recovered_nef_file82.jpg 1000w, https://cieleporteplume.fr/wp-content/uploads/2025/08/Recovered_nef_file82-300x200.jpg 300w, https://cieleporteplume.fr/wp-content/uploads/2025/08/Recovered_nef_file82-768x511.jpg 768w" sizes="auto, (max-width: 1000px) 100vw, 1000px" /></figure>



<figure class="wp-block-image size-large"><img loading="lazy" decoding="async" width="1000" height="666" data-id="24" src="https://cieleporteplume.fr/wp-content/uploads/2025/08/Recovered_nef_file99_01.jpg" alt="" class="wp-image-24" srcset="https://cieleporteplume.fr/wp-content/uploads/2025/08/Recovered_nef_file99_01.jpg 1000w, https://cieleporteplume.fr/wp-content/uploads/2025/08/Recovered_nef_file99_01-300x200.jpg 300w, https://cieleporteplume.fr/wp-content/uploads/2025/08/Recovered_nef_file99_01-768x511.jpg 768w" sizes="auto, (max-width: 1000px) 100vw, 1000px" /></figure>
</figure>



<p class="has-medium-font-size">Une veillée-spectacle, familiale et participative, d&rsquo;après <em>La Légende des Siècles</em> et autres textes de Victor Hugo textes de Victor Hugo, de petites histoires qui nous racontent l’Histoire du monde.<br>Selon les espaces et les saisons, cet événement peut se dérouler en après-midi et en extérieur ou en soirée et en salle.</p>



<p class="has-medium-font-size"><br>Mise en scène Laurence Campet<br>Avec Blandine Baudrillart, Marie-Noële Bordeaux, Laurence Campet, Antoine Doignon, Françoise Huguet, Sylvie Malissard, Marie-Hélène Peyresaubes</p>



<p class="has-medium-font-size"><br><em>Une co-production compagnie Le Porte-Plume / Compagnie RL</em><br><em>avec l’aide de la DRAC-Livre Bourgogne Franche-Comt</em>é,<em> de la Région Bourgogne Franche-Comté</em> <em>et du</em> <em>Département du Jura</em>,</p>



<p class="has-medium-font-size"><br><em>avec le soutien des Scènes du Jura &#8211; Scène nationale (pour la</em> <em>résidence) et de l’association Fay d’Air &#8211; commune de Fay en</em> <em>Montagne (39)</em>,<br><em>avec le soutien de l’Association La Clé du Quai – Cie Béla&amp;Côme</em> <em>et de la commune de Sore (40)</em></p>


<div style="padding:56.25% 0 0 0;position:relative;"><iframe src="https://player.vimeo.com/video/1099233847?badge=0&amp;autopause=0&amp;player_id=0&amp;app_id=58479" frameborder="0" allow="autoplay; fullscreen; picture-in-picture; clipboard-write; encrypted-media; web-share" referrerpolicy="strict-origin-when-cross-origin" style="position:absolute;top:0;left:0;width:100%;height:100%;" title="Hugo en liberté !"></iframe></div>
<p><script src="https://player.vimeo.com/api/player.js"></script></p>


<p><strong>Calendrier :</strong></p>



<ul class="wp-block-list">
<li>Samedi 6 septembre 2025 à 16h à Châtelneuf(39) : préfiguration de la veillée-spectacle</li>



<li>Vendredi 27 juin à Fay en Montagne (39) : présentation de sortie de résidence</li>
</ul>



<p></p>

<p>Veillée-spectacle pour sept acteurs à destination des villages et des lieux patrimoniaux Une veillée-spectacle, familiale et participative, d&rsquo;après La Légende des Siècles et autres textes de Victor Hugo textes de Victor Hugo, de petites histoires qui nous racontent l’Histoire du monde.Selon les espaces et les saisons, cet événement peut se dérouler en après-midi et en [&hellip;]</p>
