{"id":145,"date":"2025-08-18T11:51:51","date_gmt":"2025-08-18T11:51:51","guid":{"rendered":"http:\/\/cieleporteplume.fr\/?page_id=145"},"modified":"2025-09-14T12:26:54","modified_gmt":"2025-09-14T12:26:54","slug":"memoire-des-cites","status":"publish","type":"page","link":"https:\/\/cieleporteplume.fr\/?page_id=145","title":{"rendered":"M\u00e9moire des cit\u00e9s"},"content":{"rendered":"\n<h2 class=\"wp-block-heading\">Les forges de Fraisans<\/h2>\n\n\n\n<p>La compagnie a men\u00e9 pendant plusieurs mois des interviews film\u00e9es aupr\u00e8s d&rsquo;anciens habitants des cit\u00e9s : des personnes qui ont v\u00e9cu l\u00e0 entre 1940 et 1980,&nbsp; p\u00e9riode o\u00f9 les cit\u00e9s ont \u00e9t\u00e9 d\u00e9truites. M\u00e9moire de vie.&nbsp;<\/p>\n\n\n\n<p>Les interviews ont donn\u00e9 lieu <\/p>\n\n\n\n<p>\u00e0 un spectacle : une d\u00e9ambulation th\u00e9\u00e2tralis\u00e9e construite avec les \u00ab\u00a0anciens des cit\u00e9s\u00a0\u00bb \u00e0 l&#8217;emplacement m\u00eame des cit\u00e9s.<\/p>\n\n\n\n<figure class=\"wp-block-image size-large\"><img loading=\"lazy\" decoding=\"async\" width=\"1024\" height=\"537\" src=\"https:\/\/cieleporteplume.fr\/wp-content\/uploads\/2025\/08\/Fraisans-1024x537.jpg\" alt=\"\" class=\"wp-image-147\" srcset=\"https:\/\/cieleporteplume.fr\/wp-content\/uploads\/2025\/08\/Fraisans-1024x537.jpg 1024w, https:\/\/cieleporteplume.fr\/wp-content\/uploads\/2025\/08\/Fraisans-300x157.jpg 300w, https:\/\/cieleporteplume.fr\/wp-content\/uploads\/2025\/08\/Fraisans-768x402.jpg 768w, https:\/\/cieleporteplume.fr\/wp-content\/uploads\/2025\/08\/Fraisans-1536x805.jpg 1536w, https:\/\/cieleporteplume.fr\/wp-content\/uploads\/2025\/08\/Fraisans.jpg 2048w\" sizes=\"auto, (max-width: 1024px) 100vw, 1024px\" \/><\/figure>\n\n\n\n<p>et \u00e0 la r\u00e9alisation d&rsquo;un film de 30 mn projet\u00e9 en mars 2023 pour les 20 ans du centre culturel les Forges.<\/p>\n\n\n\n<div style=\"padding:56.25% 0 0 0;position:relative;\"><iframe src=\"https:\/\/player.vimeo.com\/video\/806025103?badge=0&amp;autopause=0&amp;player_id=0&amp;app_id=58479\" frameborder=\"0\" allow=\"autoplay; fullscreen; picture-in-picture; clipboard-write; encrypted-media; web-share\" referrerpolicy=\"strict-origin-when-cross-origin\" style=\"position:absolute;top:0;left:0;width:100%;height:100%;\" title=\"Forges de Fraisant\"><\/iframe><\/div><script src=\"https:\/\/player.vimeo.com\/api\/player.js\"><\/script>\n\n\n\n<p><\/p>\n","protected":false},"excerpt":{"rendered":"<p>Les forges de Fraisans La compagnie a men\u00e9 pendant plusieurs mois des interviews film\u00e9es aupr\u00e8s d&rsquo;anciens habitants des cit\u00e9s : des personnes qui ont v\u00e9cu l\u00e0 entre 1940 et 1980,&nbsp; p\u00e9riode o\u00f9 les cit\u00e9s ont \u00e9t\u00e9 d\u00e9truites. M\u00e9moire de vie.&nbsp; Les interviews ont donn\u00e9 lieu \u00e0 un spectacle : une d\u00e9ambulation th\u00e9\u00e2tralis\u00e9e construite avec les [&hellip;]<\/p>\n","protected":false},"author":1,"featured_media":0,"parent":0,"menu_order":0,"comment_status":"closed","ping_status":"closed","template":"","meta":{"footnotes":""},"class_list":["post-145","page","type-page","status-publish","hentry"],"_links":{"self":[{"href":"https:\/\/cieleporteplume.fr\/index.php?rest_route=\/wp\/v2\/pages\/145","targetHints":{"allow":["GET"]}}],"collection":[{"href":"https:\/\/cieleporteplume.fr\/index.php?rest_route=\/wp\/v2\/pages"}],"about":[{"href":"https:\/\/cieleporteplume.fr\/index.php?rest_route=\/wp\/v2\/types\/page"}],"author":[{"embeddable":true,"href":"https:\/\/cieleporteplume.fr\/index.php?rest_route=\/wp\/v2\/users\/1"}],"replies":[{"embeddable":true,"href":"https:\/\/cieleporteplume.fr\/index.php?rest_route=%2Fwp%2Fv2%2Fcomments&post=145"}],"version-history":[{"count":7,"href":"https:\/\/cieleporteplume.fr\/index.php?rest_route=\/wp\/v2\/pages\/145\/revisions"}],"predecessor-version":[{"id":210,"href":"https:\/\/cieleporteplume.fr\/index.php?rest_route=\/wp\/v2\/pages\/145\/revisions\/210"}],"wp:attachment":[{"href":"https:\/\/cieleporteplume.fr\/index.php?rest_route=%2Fwp%2Fv2%2Fmedia&parent=145"}],"curies":[{"name":"wp","href":"https:\/\/api.w.org\/{rel}","templated":true}]}}

Mémoire des cités

<h2 class="wp-block-heading">Les forges de Fraisans</h2>



<p>La compagnie a mené pendant plusieurs mois des interviews filmées auprès d&rsquo;anciens habitants des cités : des personnes qui ont vécu là entre 1940 et 1980,&nbsp; période où les cités ont été détruites. Mémoire de vie.&nbsp;</p>



<p>Les interviews ont donné lieu </p>



<p>à un spectacle : une déambulation théâtralisée construite avec les « anciens des cités » à l&#8217;emplacement même des cités.</p>



<figure class="wp-block-image size-large"><img loading="lazy" decoding="async" width="1024" height="537" src="https://cieleporteplume.fr/wp-content/uploads/2025/08/Fraisans-1024x537.jpg" alt="" class="wp-image-147" srcset="https://cieleporteplume.fr/wp-content/uploads/2025/08/Fraisans-1024x537.jpg 1024w, https://cieleporteplume.fr/wp-content/uploads/2025/08/Fraisans-300x157.jpg 300w, https://cieleporteplume.fr/wp-content/uploads/2025/08/Fraisans-768x402.jpg 768w, https://cieleporteplume.fr/wp-content/uploads/2025/08/Fraisans-1536x805.jpg 1536w, https://cieleporteplume.fr/wp-content/uploads/2025/08/Fraisans.jpg 2048w" sizes="auto, (max-width: 1024px) 100vw, 1024px" /></figure>



<p>et à la réalisation d&rsquo;un film de 30 mn projeté en mars 2023 pour les 20 ans du centre culturel les Forges.</p>



<div style="padding:56.25% 0 0 0;position:relative;"><iframe src="https://player.vimeo.com/video/806025103?badge=0&amp;autopause=0&amp;player_id=0&amp;app_id=58479" frameborder="0" allow="autoplay; fullscreen; picture-in-picture; clipboard-write; encrypted-media; web-share" referrerpolicy="strict-origin-when-cross-origin" style="position:absolute;top:0;left:0;width:100%;height:100%;" title="Forges de Fraisant"></iframe></div><script src="https://player.vimeo.com/api/player.js"></script>



<p></p>

<p>Les forges de Fraisans La compagnie a mené pendant plusieurs mois des interviews filmées auprès d&rsquo;anciens habitants des cités : des personnes qui ont vécu là entre 1940 et 1980,&nbsp; période où les cités ont été détruites. Mémoire de vie.&nbsp; Les interviews ont donné lieu à un spectacle : une déambulation théâtralisée construite avec les [&hellip;]</p>
