{"id":139,"date":"2025-08-18T12:18:14","date_gmt":"2025-08-18T12:18:14","guid":{"rendered":"http:\/\/cieleporteplume.fr\/?page_id=139"},"modified":"2025-08-29T15:59:28","modified_gmt":"2025-08-29T15:59:28","slug":"camus","status":"publish","type":"page","link":"https:\/\/cieleporteplume.fr\/?page_id=139","title":{"rendered":"Camus &#8211; plaidoirie"},"content":{"rendered":"\n<p>Ateliers de prise de parole et art oratoire, dans le cadre d&rsquo;un projet men\u00e9 avec Marion Lavigne, enseignante de lettres, sur <em><strong>L&rsquo; Etranger<\/strong><\/em> d&rsquo;Albert Camus<\/p>\n\n\n\n<figure class=\"wp-block-gallery has-nested-images columns-default is-cropped wp-block-gallery-1 is-layout-flex wp-block-gallery-is-layout-flex\">\n<figure class=\"wp-block-image size-large\"><img loading=\"lazy\" decoding=\"async\" width=\"1024\" height=\"768\" data-id=\"140\" src=\"https:\/\/cieleporteplume.fr\/wp-content\/uploads\/2025\/08\/488716527_2720650614791011_5635756585952500082_n-1024x768.jpg\" alt=\"\" class=\"wp-image-140\" srcset=\"https:\/\/cieleporteplume.fr\/wp-content\/uploads\/2025\/08\/488716527_2720650614791011_5635756585952500082_n-1024x768.jpg 1024w, https:\/\/cieleporteplume.fr\/wp-content\/uploads\/2025\/08\/488716527_2720650614791011_5635756585952500082_n-300x225.jpg 300w, https:\/\/cieleporteplume.fr\/wp-content\/uploads\/2025\/08\/488716527_2720650614791011_5635756585952500082_n-768x576.jpg 768w, https:\/\/cieleporteplume.fr\/wp-content\/uploads\/2025\/08\/488716527_2720650614791011_5635756585952500082_n.jpg 1280w\" sizes=\"auto, (max-width: 1024px) 100vw, 1024px\" \/><\/figure>\n\n\n\n<figure class=\"wp-block-image size-large\"><img loading=\"lazy\" decoding=\"async\" width=\"1024\" height=\"768\" data-id=\"141\" src=\"https:\/\/cieleporteplume.fr\/wp-content\/uploads\/2025\/08\/489414379_2720650631457676_798507965907034945_n-1024x768.jpg\" alt=\"\" class=\"wp-image-141\" srcset=\"https:\/\/cieleporteplume.fr\/wp-content\/uploads\/2025\/08\/489414379_2720650631457676_798507965907034945_n-1024x768.jpg 1024w, https:\/\/cieleporteplume.fr\/wp-content\/uploads\/2025\/08\/489414379_2720650631457676_798507965907034945_n-300x225.jpg 300w, https:\/\/cieleporteplume.fr\/wp-content\/uploads\/2025\/08\/489414379_2720650631457676_798507965907034945_n-768x576.jpg 768w, https:\/\/cieleporteplume.fr\/wp-content\/uploads\/2025\/08\/489414379_2720650631457676_798507965907034945_n.jpg 1280w\" sizes=\"auto, (max-width: 1024px) 100vw, 1024px\" \/><\/figure>\n<\/figure>\n\n\n\n<p>Les \u00e9l\u00e8ves ont instruit le proc\u00e8s du personnage de Meursault. Chacun a d\u00fb choisir son r\u00f4le (avocat de la d\u00e9fense ou procureur), \u00e9crire sa plaidoirie ou son r\u00e9quisitoire, puis travailler l&rsquo;\u00e9loquence avec la com\u00e9dienne (discours, regard, rythme, prestance, gestuelle). La pr\u00e9sentation a pris la forme d&rsquo;un proc\u00e8s, devant les classes de premi\u00e8re et terminale.<\/p>\n\n\n\n<figure class=\"wp-block-image size-large\"><img loading=\"lazy\" decoding=\"async\" width=\"1024\" height=\"768\" src=\"https:\/\/cieleporteplume.fr\/wp-content\/uploads\/2025\/08\/489430710_2720650608124345_7268382620548797193_n-1024x768.jpg\" alt=\"\" class=\"wp-image-142\" srcset=\"https:\/\/cieleporteplume.fr\/wp-content\/uploads\/2025\/08\/489430710_2720650608124345_7268382620548797193_n-1024x768.jpg 1024w, https:\/\/cieleporteplume.fr\/wp-content\/uploads\/2025\/08\/489430710_2720650608124345_7268382620548797193_n-300x225.jpg 300w, https:\/\/cieleporteplume.fr\/wp-content\/uploads\/2025\/08\/489430710_2720650608124345_7268382620548797193_n-768x576.jpg 768w, https:\/\/cieleporteplume.fr\/wp-content\/uploads\/2025\/08\/489430710_2720650608124345_7268382620548797193_n.jpg 1280w\" sizes=\"auto, (max-width: 1024px) 100vw, 1024px\" \/><\/figure>\n","protected":false},"excerpt":{"rendered":"<p>Ateliers de prise de parole et art oratoire, dans le cadre d&rsquo;un projet men\u00e9 avec Marion Lavigne, enseignante de lettres, sur L&rsquo; Etranger d&rsquo;Albert Camus Les \u00e9l\u00e8ves ont instruit le proc\u00e8s du personnage de Meursault. Chacun a d\u00fb choisir son r\u00f4le (avocat de la d\u00e9fense ou procureur), \u00e9crire sa plaidoirie ou son r\u00e9quisitoire, puis travailler [&hellip;]<\/p>\n","protected":false},"author":1,"featured_media":142,"parent":0,"menu_order":0,"comment_status":"closed","ping_status":"closed","template":"","meta":{"footnotes":""},"class_list":["post-139","page","type-page","status-publish","has-post-thumbnail","hentry"],"_links":{"self":[{"href":"https:\/\/cieleporteplume.fr\/index.php?rest_route=\/wp\/v2\/pages\/139","targetHints":{"allow":["GET"]}}],"collection":[{"href":"https:\/\/cieleporteplume.fr\/index.php?rest_route=\/wp\/v2\/pages"}],"about":[{"href":"https:\/\/cieleporteplume.fr\/index.php?rest_route=\/wp\/v2\/types\/page"}],"author":[{"embeddable":true,"href":"https:\/\/cieleporteplume.fr\/index.php?rest_route=\/wp\/v2\/users\/1"}],"replies":[{"embeddable":true,"href":"https:\/\/cieleporteplume.fr\/index.php?rest_route=%2Fwp%2Fv2%2Fcomments&post=139"}],"version-history":[{"count":3,"href":"https:\/\/cieleporteplume.fr\/index.php?rest_route=\/wp\/v2\/pages\/139\/revisions"}],"predecessor-version":[{"id":200,"href":"https:\/\/cieleporteplume.fr\/index.php?rest_route=\/wp\/v2\/pages\/139\/revisions\/200"}],"wp:featuredmedia":[{"embeddable":true,"href":"https:\/\/cieleporteplume.fr\/index.php?rest_route=\/wp\/v2\/media\/142"}],"wp:attachment":[{"href":"https:\/\/cieleporteplume.fr\/index.php?rest_route=%2Fwp%2Fv2%2Fmedia&parent=139"}],"curies":[{"name":"wp","href":"https:\/\/api.w.org\/{rel}","templated":true}]}}

<p>Ateliers de prise de parole et art oratoire, dans le cadre d&rsquo;un projet mené avec Marion Lavigne, enseignante de lettres, sur <em><strong>L&rsquo; Etranger</strong></em> d&rsquo;Albert Camus</p>



<figure class="wp-block-gallery has-nested-images columns-default is-cropped wp-block-gallery-1 is-layout-flex wp-block-gallery-is-layout-flex">
<figure class="wp-block-image size-large"><img loading="lazy" decoding="async" width="1024" height="768" data-id="140" src="https://cieleporteplume.fr/wp-content/uploads/2025/08/488716527_2720650614791011_5635756585952500082_n-1024x768.jpg" alt="" class="wp-image-140" srcset="https://cieleporteplume.fr/wp-content/uploads/2025/08/488716527_2720650614791011_5635756585952500082_n-1024x768.jpg 1024w, https://cieleporteplume.fr/wp-content/uploads/2025/08/488716527_2720650614791011_5635756585952500082_n-300x225.jpg 300w, https://cieleporteplume.fr/wp-content/uploads/2025/08/488716527_2720650614791011_5635756585952500082_n-768x576.jpg 768w, https://cieleporteplume.fr/wp-content/uploads/2025/08/488716527_2720650614791011_5635756585952500082_n.jpg 1280w" sizes="auto, (max-width: 1024px) 100vw, 1024px" /></figure>



<figure class="wp-block-image size-large"><img loading="lazy" decoding="async" width="1024" height="768" data-id="141" src="https://cieleporteplume.fr/wp-content/uploads/2025/08/489414379_2720650631457676_798507965907034945_n-1024x768.jpg" alt="" class="wp-image-141" srcset="https://cieleporteplume.fr/wp-content/uploads/2025/08/489414379_2720650631457676_798507965907034945_n-1024x768.jpg 1024w, https://cieleporteplume.fr/wp-content/uploads/2025/08/489414379_2720650631457676_798507965907034945_n-300x225.jpg 300w, https://cieleporteplume.fr/wp-content/uploads/2025/08/489414379_2720650631457676_798507965907034945_n-768x576.jpg 768w, https://cieleporteplume.fr/wp-content/uploads/2025/08/489414379_2720650631457676_798507965907034945_n.jpg 1280w" sizes="auto, (max-width: 1024px) 100vw, 1024px" /></figure>
</figure>



<p>Les élèves ont instruit le procès du personnage de Meursault. Chacun a dû choisir son rôle (avocat de la défense ou procureur), écrire sa plaidoirie ou son réquisitoire, puis travailler l&rsquo;éloquence avec la comédienne (discours, regard, rythme, prestance, gestuelle). La présentation a pris la forme d&rsquo;un procès, devant les classes de première et terminale.</p>



<figure class="wp-block-image size-large"><img loading="lazy" decoding="async" width="1024" height="768" src="https://cieleporteplume.fr/wp-content/uploads/2025/08/489430710_2720650608124345_7268382620548797193_n-1024x768.jpg" alt="" class="wp-image-142" srcset="https://cieleporteplume.fr/wp-content/uploads/2025/08/489430710_2720650608124345_7268382620548797193_n-1024x768.jpg 1024w, https://cieleporteplume.fr/wp-content/uploads/2025/08/489430710_2720650608124345_7268382620548797193_n-300x225.jpg 300w, https://cieleporteplume.fr/wp-content/uploads/2025/08/489430710_2720650608124345_7268382620548797193_n-768x576.jpg 768w, https://cieleporteplume.fr/wp-content/uploads/2025/08/489430710_2720650608124345_7268382620548797193_n.jpg 1280w" sizes="auto, (max-width: 1024px) 100vw, 1024px" /></figure>

<p>Ateliers de prise de parole et art oratoire, dans le cadre d&rsquo;un projet mené avec Marion Lavigne, enseignante de lettres, sur L&rsquo; Etranger d&rsquo;Albert Camus Les élèves ont instruit le procès du personnage de Meursault. Chacun a dû choisir son rôle (avocat de la défense ou procureur), écrire sa plaidoirie ou son réquisitoire, puis travailler [&hellip;]</p>
