{"id":132,"date":"2025-08-18T08:23:05","date_gmt":"2025-08-18T08:23:05","guid":{"rendered":"http:\/\/cieleporteplume.fr\/?page_id=132"},"modified":"2025-08-18T08:23:05","modified_gmt":"2025-08-18T08:23:05","slug":"marianne-et-charlotte","status":"publish","type":"page","link":"https:\/\/cieleporteplume.fr\/?page_id=132","title":{"rendered":"Marianne et Charlotte"},"content":{"rendered":"\n<p><\/p>\n\n\n\n<p>Avec toutes les classes de troisi\u00e8me du Coll\u00e8ge de St Laurent en Grandvaux\u00a0&#8211; soit une centaine d&rsquo;\u00e9l\u00e8ves,  lecture \u00e0 voix haute th\u00e9\u00e2tralis\u00e9e et mise en espace du texte de Bruno Doucey <strong><em>Si tu parles Marianne<\/em><\/strong><\/p>\n\n\n\n<figure class=\"wp-block-image size-full\"><img loading=\"lazy\" decoding=\"async\" width=\"990\" height=\"332\" src=\"https:\/\/cieleporteplume.fr\/wp-content\/uploads\/2025\/08\/Capture-decran-2025-08-17-a-22.47.28.png\" alt=\"\" class=\"wp-image-134\" srcset=\"https:\/\/cieleporteplume.fr\/wp-content\/uploads\/2025\/08\/Capture-decran-2025-08-17-a-22.47.28.png 990w, https:\/\/cieleporteplume.fr\/wp-content\/uploads\/2025\/08\/Capture-decran-2025-08-17-a-22.47.28-300x101.png 300w, https:\/\/cieleporteplume.fr\/wp-content\/uploads\/2025\/08\/Capture-decran-2025-08-17-a-22.47.28-768x258.png 768w\" sizes=\"auto, (max-width: 990px) 100vw, 990px\" \/><\/figure>\n\n\n\n<p>Rencontre avec l&rsquo;auteur et repr\u00e9sentation \u00e0 la Sitelle, salle des f\u00eates\u00a0de Saint-Laurent en Grandvaux en janvier 2025<\/p>\n\n\n\n<figure class=\"wp-block-gallery has-nested-images columns-default is-cropped wp-block-gallery-1 is-layout-flex wp-block-gallery-is-layout-flex\">\n<figure class=\"wp-block-image size-large\"><img loading=\"lazy\" decoding=\"async\" width=\"1024\" height=\"682\" data-id=\"136\" src=\"https:\/\/cieleporteplume.fr\/wp-content\/uploads\/2025\/08\/505335535_2787252891464116_1900739693275014415_n-1024x682.jpg\" alt=\"\" class=\"wp-image-136\" srcset=\"https:\/\/cieleporteplume.fr\/wp-content\/uploads\/2025\/08\/505335535_2787252891464116_1900739693275014415_n-1024x682.jpg 1024w, https:\/\/cieleporteplume.fr\/wp-content\/uploads\/2025\/08\/505335535_2787252891464116_1900739693275014415_n-300x200.jpg 300w, https:\/\/cieleporteplume.fr\/wp-content\/uploads\/2025\/08\/505335535_2787252891464116_1900739693275014415_n-768x512.jpg 768w, https:\/\/cieleporteplume.fr\/wp-content\/uploads\/2025\/08\/505335535_2787252891464116_1900739693275014415_n.jpg 1334w\" sizes=\"auto, (max-width: 1024px) 100vw, 1024px\" \/><\/figure>\n<\/figure>\n\n\n\n<p><\/p>\n","protected":false},"excerpt":{"rendered":"<p>Avec toutes les classes de troisi\u00e8me du Coll\u00e8ge de St Laurent en Grandvaux\u00a0&#8211; soit une centaine d&rsquo;\u00e9l\u00e8ves, lecture \u00e0 voix haute th\u00e9\u00e2tralis\u00e9e et mise en espace du texte de Bruno Doucey Si tu parles Marianne Rencontre avec l&rsquo;auteur et repr\u00e9sentation \u00e0 la Sitelle, salle des f\u00eates\u00a0de Saint-Laurent en Grandvaux en janvier 2025<\/p>\n","protected":false},"author":1,"featured_media":0,"parent":0,"menu_order":0,"comment_status":"closed","ping_status":"closed","template":"","meta":{"footnotes":""},"class_list":["post-132","page","type-page","status-publish","hentry"],"_links":{"self":[{"href":"https:\/\/cieleporteplume.fr\/index.php?rest_route=\/wp\/v2\/pages\/132","targetHints":{"allow":["GET"]}}],"collection":[{"href":"https:\/\/cieleporteplume.fr\/index.php?rest_route=\/wp\/v2\/pages"}],"about":[{"href":"https:\/\/cieleporteplume.fr\/index.php?rest_route=\/wp\/v2\/types\/page"}],"author":[{"embeddable":true,"href":"https:\/\/cieleporteplume.fr\/index.php?rest_route=\/wp\/v2\/users\/1"}],"replies":[{"embeddable":true,"href":"https:\/\/cieleporteplume.fr\/index.php?rest_route=%2Fwp%2Fv2%2Fcomments&post=132"}],"version-history":[{"count":1,"href":"https:\/\/cieleporteplume.fr\/index.php?rest_route=\/wp\/v2\/pages\/132\/revisions"}],"predecessor-version":[{"id":137,"href":"https:\/\/cieleporteplume.fr\/index.php?rest_route=\/wp\/v2\/pages\/132\/revisions\/137"}],"wp:attachment":[{"href":"https:\/\/cieleporteplume.fr\/index.php?rest_route=%2Fwp%2Fv2%2Fmedia&parent=132"}],"curies":[{"name":"wp","href":"https:\/\/api.w.org\/{rel}","templated":true}]}}

<p></p>



<p>Avec toutes les classes de troisième du Collège de St Laurent en Grandvaux &#8211; soit une centaine d&rsquo;élèves,  lecture à voix haute théâtralisée et mise en espace du texte de Bruno Doucey <strong><em>Si tu parles Marianne</em></strong></p>



<figure class="wp-block-image size-full"><img loading="lazy" decoding="async" width="990" height="332" src="https://cieleporteplume.fr/wp-content/uploads/2025/08/Capture-decran-2025-08-17-a-22.47.28.png" alt="" class="wp-image-134" srcset="https://cieleporteplume.fr/wp-content/uploads/2025/08/Capture-decran-2025-08-17-a-22.47.28.png 990w, https://cieleporteplume.fr/wp-content/uploads/2025/08/Capture-decran-2025-08-17-a-22.47.28-300x101.png 300w, https://cieleporteplume.fr/wp-content/uploads/2025/08/Capture-decran-2025-08-17-a-22.47.28-768x258.png 768w" sizes="auto, (max-width: 990px) 100vw, 990px" /></figure>



<p>Rencontre avec l&rsquo;auteur et représentation à la Sitelle, salle des fêtes de Saint-Laurent en Grandvaux en janvier 2025</p>



<figure class="wp-block-gallery has-nested-images columns-default is-cropped wp-block-gallery-1 is-layout-flex wp-block-gallery-is-layout-flex">
<figure class="wp-block-image size-large"><img loading="lazy" decoding="async" width="1024" height="682" data-id="136" src="https://cieleporteplume.fr/wp-content/uploads/2025/08/505335535_2787252891464116_1900739693275014415_n-1024x682.jpg" alt="" class="wp-image-136" srcset="https://cieleporteplume.fr/wp-content/uploads/2025/08/505335535_2787252891464116_1900739693275014415_n-1024x682.jpg 1024w, https://cieleporteplume.fr/wp-content/uploads/2025/08/505335535_2787252891464116_1900739693275014415_n-300x200.jpg 300w, https://cieleporteplume.fr/wp-content/uploads/2025/08/505335535_2787252891464116_1900739693275014415_n-768x512.jpg 768w, https://cieleporteplume.fr/wp-content/uploads/2025/08/505335535_2787252891464116_1900739693275014415_n.jpg 1334w" sizes="auto, (max-width: 1024px) 100vw, 1024px" /></figure>
</figure>



<p></p>

<p>Avec toutes les classes de troisième du Collège de St Laurent en Grandvaux &#8211; soit une centaine d&rsquo;élèves, lecture à voix haute théâtralisée et mise en espace du texte de Bruno Doucey Si tu parles Marianne Rencontre avec l&rsquo;auteur et représentation à la Sitelle, salle des fêtes de Saint-Laurent en Grandvaux en janvier 2025</p>
