{"id":123,"date":"2025-08-18T07:45:01","date_gmt":"2025-08-18T07:45:01","guid":{"rendered":"http:\/\/cieleporteplume.fr\/?page_id=123"},"modified":"2025-08-29T15:58:44","modified_gmt":"2025-08-29T15:58:44","slug":"kafka-a-poligny","status":"publish","type":"page","link":"https:\/\/cieleporteplume.fr\/?page_id=123","title":{"rendered":"Kafka podcast"},"content":{"rendered":"\n<p><\/p>\n\n\n\n<p>R\u00e9alisation d&rsquo;un projet de mise en voix consacr\u00e9 \u00e0 Franz Kafka au lyc\u00e9e Friant de Poligny avec Adeline Moritz, enseignante, et un groupe d&rsquo;\u00e9l\u00e8ves de pr\u00e9pa seconde<\/p>\n\n\n\n<figure class=\"wp-block-image size-large\"><img loading=\"lazy\" decoding=\"async\" width=\"1024\" height=\"768\" src=\"https:\/\/cieleporteplume.fr\/wp-content\/uploads\/2025\/08\/504024796_2786258431563562_7476632403936084574_n-1024x768.jpg\" alt=\"\" class=\"wp-image-128\" srcset=\"https:\/\/cieleporteplume.fr\/wp-content\/uploads\/2025\/08\/504024796_2786258431563562_7476632403936084574_n-1024x768.jpg 1024w, https:\/\/cieleporteplume.fr\/wp-content\/uploads\/2025\/08\/504024796_2786258431563562_7476632403936084574_n-300x225.jpg 300w, https:\/\/cieleporteplume.fr\/wp-content\/uploads\/2025\/08\/504024796_2786258431563562_7476632403936084574_n-768x576.jpg 768w, https:\/\/cieleporteplume.fr\/wp-content\/uploads\/2025\/08\/504024796_2786258431563562_7476632403936084574_n.jpg 1280w\" sizes=\"auto, (max-width: 1024px) 100vw, 1024px\" \/><\/figure>\n\n\n\n<p>R\u00e9alisation d&rsquo;un podcast sur <strong><em>La M\u00e9tamorphose<\/em><\/strong> de Kafka (travail de lecture \u00e0 voix haute sur le d\u00e9but du texte, en insistant sur le jeu, les ambiances et ce que ressent le personnage ; travail technique avec le micro, \u00e0 qui s&rsquo;adresse-t-on \u00e0 la radio&#8230;)<\/p>\n\n\n\n<div class=\"wp-block-buttons is-content-justification-center is-layout-flex wp-container-core-buttons-is-layout-a89b3969 wp-block-buttons-is-layout-flex\">\n<div class=\"wp-block-button is-style-fill\"><a class=\"wp-block-button__link has-secondary-background-color has-background wp-element-button\" href=\"https:\/\/podeduc.apps.education.fr\/video\/72550-kafka-eternel\/\">Ecouter le podcast<\/a><\/div>\n<\/div>\n\n\n\n<p>Puis nous avons pr\u00e9par\u00e9 un extrait de <strong><em>J&rsquo;irai chercher Kafka <\/em><\/strong>de L\u00e9a Veinstein, pour une rencontre \u00e0 la librairie de Poligny en novembre 2024. Une exp\u00e9rience unique pour les \u00e9l\u00e8ves qui ont ador\u00e9 les deux temps.<\/p>\n\n\n\n<figure class=\"wp-block-gallery has-nested-images columns-default is-cropped wp-block-gallery-1 is-layout-flex wp-block-gallery-is-layout-flex\">\n<figure class=\"wp-block-image size-full\"><img loading=\"lazy\" decoding=\"async\" width=\"578\" height=\"779\" data-id=\"125\" src=\"https:\/\/cieleporteplume.fr\/wp-content\/uploads\/2025\/08\/Capture-decran-2024-11-30-a-08.56.55.png\" alt=\"\" class=\"wp-image-125\" srcset=\"https:\/\/cieleporteplume.fr\/wp-content\/uploads\/2025\/08\/Capture-decran-2024-11-30-a-08.56.55.png 578w, https:\/\/cieleporteplume.fr\/wp-content\/uploads\/2025\/08\/Capture-decran-2024-11-30-a-08.56.55-223x300.png 223w\" sizes=\"auto, (max-width: 578px) 100vw, 578px\" \/><\/figure>\n\n\n\n<figure class=\"wp-block-image size-large\"><img loading=\"lazy\" decoding=\"async\" width=\"1024\" height=\"768\" data-id=\"126\" src=\"https:\/\/cieleporteplume.fr\/wp-content\/uploads\/2025\/08\/image00043-1024x768.jpeg\" alt=\"\" class=\"wp-image-126\" srcset=\"https:\/\/cieleporteplume.fr\/wp-content\/uploads\/2025\/08\/image00043-1024x768.jpeg 1024w, https:\/\/cieleporteplume.fr\/wp-content\/uploads\/2025\/08\/image00043-300x225.jpeg 300w, https:\/\/cieleporteplume.fr\/wp-content\/uploads\/2025\/08\/image00043-768x576.jpeg 768w, https:\/\/cieleporteplume.fr\/wp-content\/uploads\/2025\/08\/image00043-1536x1152.jpeg 1536w, https:\/\/cieleporteplume.fr\/wp-content\/uploads\/2025\/08\/image00043.jpeg 1600w\" sizes=\"auto, (max-width: 1024px) 100vw, 1024px\" \/><\/figure>\n\n\n\n<figure class=\"wp-block-image size-large\"><img loading=\"lazy\" decoding=\"async\" width=\"1024\" height=\"768\" data-id=\"127\" src=\"https:\/\/cieleporteplume.fr\/wp-content\/uploads\/2025\/08\/image00062-1024x768.jpeg\" alt=\"\" class=\"wp-image-127\" srcset=\"https:\/\/cieleporteplume.fr\/wp-content\/uploads\/2025\/08\/image00062-1024x768.jpeg 1024w, https:\/\/cieleporteplume.fr\/wp-content\/uploads\/2025\/08\/image00062-300x225.jpeg 300w, https:\/\/cieleporteplume.fr\/wp-content\/uploads\/2025\/08\/image00062-768x576.jpeg 768w, https:\/\/cieleporteplume.fr\/wp-content\/uploads\/2025\/08\/image00062-1536x1152.jpeg 1536w, https:\/\/cieleporteplume.fr\/wp-content\/uploads\/2025\/08\/image00062.jpeg 1600w\" sizes=\"auto, (max-width: 1024px) 100vw, 1024px\" \/><\/figure>\n<\/figure>\n","protected":false},"excerpt":{"rendered":"<p>R\u00e9alisation d&rsquo;un projet de mise en voix consacr\u00e9 \u00e0 Franz Kafka au lyc\u00e9e Friant de Poligny avec Adeline Moritz, enseignante, et un groupe d&rsquo;\u00e9l\u00e8ves de pr\u00e9pa seconde R\u00e9alisation d&rsquo;un podcast sur La M\u00e9tamorphose de Kafka (travail de lecture \u00e0 voix haute sur le d\u00e9but du texte, en insistant sur le jeu, les ambiances et ce [&hellip;]<\/p>\n","protected":false},"author":1,"featured_media":0,"parent":0,"menu_order":0,"comment_status":"closed","ping_status":"closed","template":"","meta":{"footnotes":""},"class_list":["post-123","page","type-page","status-publish","hentry"],"_links":{"self":[{"href":"https:\/\/cieleporteplume.fr\/index.php?rest_route=\/wp\/v2\/pages\/123","targetHints":{"allow":["GET"]}}],"collection":[{"href":"https:\/\/cieleporteplume.fr\/index.php?rest_route=\/wp\/v2\/pages"}],"about":[{"href":"https:\/\/cieleporteplume.fr\/index.php?rest_route=\/wp\/v2\/types\/page"}],"author":[{"embeddable":true,"href":"https:\/\/cieleporteplume.fr\/index.php?rest_route=\/wp\/v2\/users\/1"}],"replies":[{"embeddable":true,"href":"https:\/\/cieleporteplume.fr\/index.php?rest_route=%2Fwp%2Fv2%2Fcomments&post=123"}],"version-history":[{"count":3,"href":"https:\/\/cieleporteplume.fr\/index.php?rest_route=\/wp\/v2\/pages\/123\/revisions"}],"predecessor-version":[{"id":199,"href":"https:\/\/cieleporteplume.fr\/index.php?rest_route=\/wp\/v2\/pages\/123\/revisions\/199"}],"wp:attachment":[{"href":"https:\/\/cieleporteplume.fr\/index.php?rest_route=%2Fwp%2Fv2%2Fmedia&parent=123"}],"curies":[{"name":"wp","href":"https:\/\/api.w.org\/{rel}","templated":true}]}}

<p></p>



<p>Réalisation d&rsquo;un projet de mise en voix consacré à Franz Kafka au lycée Friant de Poligny avec Adeline Moritz, enseignante, et un groupe d&rsquo;élèves de prépa seconde</p>



<figure class="wp-block-image size-large"><img loading="lazy" decoding="async" width="1024" height="768" src="https://cieleporteplume.fr/wp-content/uploads/2025/08/504024796_2786258431563562_7476632403936084574_n-1024x768.jpg" alt="" class="wp-image-128" srcset="https://cieleporteplume.fr/wp-content/uploads/2025/08/504024796_2786258431563562_7476632403936084574_n-1024x768.jpg 1024w, https://cieleporteplume.fr/wp-content/uploads/2025/08/504024796_2786258431563562_7476632403936084574_n-300x225.jpg 300w, https://cieleporteplume.fr/wp-content/uploads/2025/08/504024796_2786258431563562_7476632403936084574_n-768x576.jpg 768w, https://cieleporteplume.fr/wp-content/uploads/2025/08/504024796_2786258431563562_7476632403936084574_n.jpg 1280w" sizes="auto, (max-width: 1024px) 100vw, 1024px" /></figure>



<p>Réalisation d&rsquo;un podcast sur <strong><em>La Métamorphose</em></strong> de Kafka (travail de lecture à voix haute sur le début du texte, en insistant sur le jeu, les ambiances et ce que ressent le personnage ; travail technique avec le micro, à qui s&rsquo;adresse-t-on à la radio&#8230;)</p>



<div class="wp-block-buttons is-content-justification-center is-layout-flex wp-container-core-buttons-is-layout-a89b3969 wp-block-buttons-is-layout-flex">
<div class="wp-block-button is-style-fill"><a class="wp-block-button__link has-secondary-background-color has-background wp-element-button" href="https://podeduc.apps.education.fr/video/72550-kafka-eternel/">Ecouter le podcast</a></div>
</div>



<p>Puis nous avons préparé un extrait de <strong><em>J&rsquo;irai chercher Kafka </em></strong>de Léa Veinstein, pour une rencontre à la librairie de Poligny en novembre 2024. Une expérience unique pour les élèves qui ont adoré les deux temps.</p>



<figure class="wp-block-gallery has-nested-images columns-default is-cropped wp-block-gallery-1 is-layout-flex wp-block-gallery-is-layout-flex">
<figure class="wp-block-image size-full"><img loading="lazy" decoding="async" width="578" height="779" data-id="125" src="https://cieleporteplume.fr/wp-content/uploads/2025/08/Capture-decran-2024-11-30-a-08.56.55.png" alt="" class="wp-image-125" srcset="https://cieleporteplume.fr/wp-content/uploads/2025/08/Capture-decran-2024-11-30-a-08.56.55.png 578w, https://cieleporteplume.fr/wp-content/uploads/2025/08/Capture-decran-2024-11-30-a-08.56.55-223x300.png 223w" sizes="auto, (max-width: 578px) 100vw, 578px" /></figure>



<figure class="wp-block-image size-large"><img loading="lazy" decoding="async" width="1024" height="768" data-id="126" src="https://cieleporteplume.fr/wp-content/uploads/2025/08/image00043-1024x768.jpeg" alt="" class="wp-image-126" srcset="https://cieleporteplume.fr/wp-content/uploads/2025/08/image00043-1024x768.jpeg 1024w, https://cieleporteplume.fr/wp-content/uploads/2025/08/image00043-300x225.jpeg 300w, https://cieleporteplume.fr/wp-content/uploads/2025/08/image00043-768x576.jpeg 768w, https://cieleporteplume.fr/wp-content/uploads/2025/08/image00043-1536x1152.jpeg 1536w, https://cieleporteplume.fr/wp-content/uploads/2025/08/image00043.jpeg 1600w" sizes="auto, (max-width: 1024px) 100vw, 1024px" /></figure>



<figure class="wp-block-image size-large"><img loading="lazy" decoding="async" width="1024" height="768" data-id="127" src="https://cieleporteplume.fr/wp-content/uploads/2025/08/image00062-1024x768.jpeg" alt="" class="wp-image-127" srcset="https://cieleporteplume.fr/wp-content/uploads/2025/08/image00062-1024x768.jpeg 1024w, https://cieleporteplume.fr/wp-content/uploads/2025/08/image00062-300x225.jpeg 300w, https://cieleporteplume.fr/wp-content/uploads/2025/08/image00062-768x576.jpeg 768w, https://cieleporteplume.fr/wp-content/uploads/2025/08/image00062-1536x1152.jpeg 1536w, https://cieleporteplume.fr/wp-content/uploads/2025/08/image00062.jpeg 1600w" sizes="auto, (max-width: 1024px) 100vw, 1024px" /></figure>
</figure>

<p>Réalisation d&rsquo;un projet de mise en voix consacré à Franz Kafka au lycée Friant de Poligny avec Adeline Moritz, enseignante, et un groupe d&rsquo;élèves de prépa seconde Réalisation d&rsquo;un podcast sur La Métamorphose de Kafka (travail de lecture à voix haute sur le début du texte, en insistant sur le jeu, les ambiances et ce [&hellip;]</p>
